 2) + (-6 - -3)?
-3
What is the value of -18 + 11 + (7 - 10)?
-10
2 + -2 + 3 + (1 - 2)
2
Evaluate 0 + 4 + -1 - -1.
4
Evaluate 2 + 10 + (-20 - -6).
-2
What is (5 + -1 - -3) + (1 - 4)?
4
-1 - 2 - 4 - -5
-2
What is 4 - (2 + 1) - -1?
2
Evaluate 0 - (-1 + -3) - (21 + -19).
2
Evaluate 4 - (3 - -1 - (-3 + 9)).
6
What is 2 - (17 - 19 - (-2 + 1))?
3
Evaluate 0 + 1 + -3 + 7 + -2.
3
Evaluate (3 - (-8 - -15)) + 1.
-3
What is 2 + (0 + 1 + -2 - -2)?
3
Evaluate 1 + 5 - (1 + 8).
-3
-3 + 9 + -2 - 11
-7
What is 0 + -1 - (4 + -10 - -3)?
2
What is the value of 5 - (5 + -3) - (-8 - -8)?
3
4 + 1 - (6 - 3) - -3
5
What is -9 - -15 - 0 - 5?
1
Evaluate 0 + (6 - 9 - (-4 - -2)).
-1
What is (7 + (0 - 6) - 4) + -7?
-10
What is the value of 1 + (3 - -2) - (2 - -1)?
3
What is the value of 0 + (-3 - (1 - 6)) - 0?
2
(-8 - -1) + (20 - 10)
3
Evaluate -8 + 11 + -4 + -3.
-4
4 - (3 + 1) - 4
-4
Calculate 1 + (-3 - -5) - (6 - 1).
-2
Evaluate (3 - 10) + -2 - -4.
-5
What is 22 + -20 + 1 + 1 + 0?
4
What is the value of (4 - 3 - -4) + -3 + 0?
2
What is the value of -7 + 10 + -8 - -1?
-4
What is (-9 - -10) + 8 + -15?
-6
-2 + -2 - (18 + -20)
-2
What is -2 + -4 + -1 + 4?
-3
What is the value of (2 - 0 - 1) + 8 + -8?
1
Calculate -1 + 3 + 2 - (-5 - -1).
8
What is (-1 - -2) + -1 + -3?
-3
What is the value of 2 + 2 + (5 - 8)?
1
Calculate -1 - (1 + 2) - (-13 + 5).
4
4 - (-3 - (3 - 9))
1
What is the value of -2 + (-4 - -4) - (-3 - -2)?
-1
What is -6 + 13 + -2 - (-9 - -3)?
11
What is 3 + -3 + 1 + (66 - 70)?
-3
What is the value of (-5 - (4 + -14)) + (-10 - -1)?
-4
Evaluate 11 + 0 - (-10 + 22).
-1
What is the value of -5 + -2 + -3 + 3 - 2?
-9
Evaluate (-19 - -31 - 11) + (-10 - -1).
-8
(3 - (-2 + 1)) + -1
3
-3 + 0 + -1 + -128 + 126
-6
(0 - 4) + 7 + -2
1
-1 - (-3 + (8 + 2 - 6))
-2
What is the value of -10 - (-10 + -8 + 12)?
-4
What is the value of -92 + 95 + (2 - (-2 + -4))?
11
Evaluate -4 - (11 + (6 - 26)).
5
What is -8 - (-2 - -4 - 2 - 2)?
-6
Calculate -2 + 6 + -4 + -4 + -1.
-5
1 + -4 - (7 - 7)
-3
What is the value of 8 + 2 + -1 + -9?
0
Calculate -3 + 3 - ((2 - 4) + 3).
-1
Calculate -5 + 2 + (4 - -1 - -3).
5
What is -15 - -4 - (-4 - 0 - -2)?
-9
Evaluate (0 - -3) + -2 - (-3 + 0).
4
Calculate 6 + 3 + -16 - -7.
0
Evaluate -6 - -7 - ((1 - 5) + 5).
0
Calculate 6 + -27 + 7 - -11.
-3
Calculate -3 - (-5 + 0) - (-1 - 2).
5
Evaluate -15 - -16 - (-1 - -1) - 1.
0
(3 + -2 - 2) + -1 + 1
-1
Evaluate 6 + (-5 - -4) + -2.
3
What is the value of (2 - 2) + -4 + 2?
-2
6 - (12 + -4) - -4
2
What is -1 + 3 + -3 - (122 - 119)?
-4
Calculate -1 - (-1 - 1) - 0.
1
Evaluate (2 - (-7 - -11)) + 2.
0
Evaluate 3 - (-7 - -6) - (4 + 0).
0
What is the value of (4 - 4 - -5) + -9?
-4
Evaluate (-6 - (0 + 0)) + 7.
1
Calculate -1 + 15 - (-4 + 12).
6
What is 5 - (4 - 2) - (36 - 32)?
-1
Calculate (0 - -14) + (-20 - (6 - 20)).
8
What is (-5 - 1) + (-39 - -44)?
-1
-12 - -11 - (3 - 1 - -1)
-4
Evaluate (-2 - -2) + 3 + -1 - 11.
-9
What is (8 - -16) + -10 + -23?
-9
What is the value of -2 + 11 + -2 + -3?
4
4 + -9 + 3 + 2
0
0 + (-5 - -10) + 1 + -4
2
-2 + -1 - 6 - (4 + -9)
-4
Calculate 2 + 7 + 0 + -6.
3
Evaluate 7 + (-10 - -2) + -33 + 26.
-8
Calculate -3 + (-5 + 9 - 4).
-3
Calculate -2 + 2 + -3 + 4.
1
What is the value of -2 + -1 + -8 + 4?
-7
What is the value of -2 + 7 + 8 + -8?
5
Evaluate 11 + -9 + 4 + -8.
-2
Calculate (-1 + 0 - 4) + 5.
0
Evaluate 0 - 3 - (-3 - (-5 - -1)).
-4
What is the value of (9 - ((4 - 2) + 1)) + -12?
-6
Evaluate (-2 - 5) + 7 + -3.
-3
What is -2 - (7 + -11 - (-1 + -1))?
0
Calculate -7 - -2 - (-20 + 15).
0
-6 + 0 + 7 - 5
-4
Evaluate -3 + (7 - (2 - 2)).
4
(2 - -5) + -7 + -6
-6
What is 5 + -4 - (-5 - -1)?
5
What is the value of (-3 - -6) + 6 + -10?
-1
What is the value of (7 - 6) + (0 - 5)?
-4
Calculate -8 + 6 - (0 - 5) - 2.
1
What is 2 - -6 - (-5 - -4)?
9
Evaluate 2 - (3 + -8 + 5).
2
-2 + 2 + 0 - (2 - 4)
2
What is the value of (-8 - -4) + (-5 - -7)?
-2
What is the value of -16 - -21 - (2 - -8) - -13?
8
What is the value of 1 - (5 + (-8 - -5) + 4)?
-5
Calculate -18 + (-14 - -19) + 4.
-9
What is the value of 18 + 0 - (-30 + 43)?
5
What is the value of 6 + -11 + -4 + 2 + 5?
-2
Calculate 7 + -25 + 13 - (-6 + -2).
3
Calculate 3 + (-1 - 3) + -4 + 0.
-5
Calculate -1 + (-4 - (-5 + 1 + 4)).
-5
Evaluate -1 + 0 - ((-1 - -3) + -4).
1
Evaluate 3 - (4 + (2 - (1 + 5))).
3
Calculate -9 + 5 + 13 - 7.
2
What is the value of -1 + -1 + -1 + 12 + -6?
3
What is the value of -13 - 4 - -7 - -6?
-4
What is the value of -4 - (0 + -4) - -3?
3
What is the value of 43 + -43 - (-1 - 1)?
2
Evaluate 2 - 0 - (-6 - (-5 + 1)).
4
What is the value of (-9 - 2) + 3 + 1?
-7
Evaluate 4 + -1 + 6 + 0 - 3.
6
-2 - -4 - (6 - 0) - 2
-6
What is 10 - 8 - (3 + -1)?
0
Calculate (-2 - -5) + -7 + 4.
0
What is the value of -4 - -2 - (-5 + 0)?
3
What is the value of (-3 - -2) + -43 + 34?
-10
Calculate 13 + -28 + 40 + -15.
10
Calculate 0 - (-6 - -4) - (-1 + -1).
4
Calculate -6 - (-2 - (-1 + (7 - 0))).
2
Evaluate (6 - (11 + -6)) + 1 + 1.
3
-4 - -9 - 2 - -1 - 4
0
Evaluate -6 + -8 + (2 - -4).
-8
Calculate 15 - 3 - 2 - 4.
6
What is -7 + (-6 - (-6 + 1))?
-8
Evaluate (1 - -2) + -12 + 9 - 2.
-2
What is the value of -5 + -2 - -13 - (-1 - -1)?
6
Evaluate -2 - (-4 - -4 - 3) - -3.
4
Calculate 2 - -3 - 2 - (0 - -1).
2
What is 10 + (9 - 11) + -1?
7
Evaluate (-4 - (2 + -7)) + 3.
4
What is the value of 8 + 2 + -2 - 10?
-2
What is 1 + -7 + 5 + 1 + -4?
-4
16 + -30 + (15 - -2)
3
Evaluate 0 + (-1 + -1 - 4) - 0.
-6
What is -7 + -7 + 8 + 9?
3
What is 1 - 0 - (-3 - -17 - 10)?
-3
What is -2 + 7 + -5 + -4 + 1?
-3
What is 5 + -2 + 3 + -2?
4
Calculate 4 - (6 - 9) - (2 + 1).
4
Calculate -9 - (-4 - -5 - 15).
5
Evaluate 1 + (-3 + 4 - -1) + -8.
-5
What is the value of 10 - (10 + -6) - 10?
-4
Evaluate 2 + -3 - (1 - 3) - 3.
-2
-3 - (0 + -2 + 2) - -6
3
Calculate -9 - (5 + -7 + -1 + -1).
-5
Calculate -1 - 5 - 0 - (0 + -8).
2
Evaluate 2 - (7 + (-6 - -3)) - 4.
-6
Calculate -1 - (0 + -1 + 4 + -2).
-2
Calculate 11 + 1 - (56 - 49).
5
What is the value of 1 - (5 - -1 - 9)?
4
Evaluate -4 + -10 - (2 - 10).
-6
What is the value of (-11 - -17) + 6 - 8?
4
Evaluate -8 + 6 + (8 - 4).
2
Calculate (-1 - -5) + -4 + -4.
-4
-2 - 4 - (-15 + 2 + 13)
-6
Calculate (-6 - -1) + 11 + -8.
-2
Calculate -2 + 0 + (-5 - -2).
-5
Evaluate 6 - (-4 - -8) - 4 - 0.
-2
What is the value of 1 - (2 - (-4 - -2))?
-3
Calculate 2 + -2 + (29 - 24).
5
Calculate (-11 - -8 - 3) + 10.
4
(2 - 3) + -12 + 18
5
0 + 0 - (-18 + 19)
-1
Evaluate (-6 - -3 - -3) + -3 + 5.
2
What is the value of 11 + 1 + -11 - 1?
0
Evaluate 5 + -4 + -4 - -9.
6
4 - ((-2 - -5) + -1 + -5)
7
-2 - (-11 + 9) - 10
-10
What is the value of 6 + 7 + -14 + 6?
5
What is the value of -56 - -61 - (-3 - (-1 - -3))?
10
(1 - (-7 - -1)) + -8 + 6
5
What is 9 + -13 - (2 + -1)?
-5
-19 + 5 + 14 + -5 + 0
-5
-8 - -7 - -5 - 3 - 10
-9
What is the value of (-2 + 0 - -6) + -4?
0
-2 - (8 + (-8 - -3))
-5
-7 + (5 - (4 + -1))
-5
What is (26 - 19) + 1 + (1 - 1)?
8
What is -4 + (-5 - -3) - (-16 - -17)?
-7
-5 + -9 + 13 - (6 - 2)
-5
Evaluate 4 - (2 + (-7 - -6) + 0).
3
What is the value of 5 + (-9 - -2) - 2?
-4
Calculate (-15 - -14) + 1 + 5.
5
6 - (5 + 7) - (-1 - 7)
2
What is 1 + 13 + -6 + -12?
-4
What is -8 - (4 - 20) - 5?
3
Calculate 40 + -47 - (-9 + 3).
-1
-1 + 8 - ((2 - -2) + 6)
-3
Evaluate 14 - 13 - 4 - 7.
-10
What is -7 + 3 + (9 - 12)?
-7
(-1 - (-5 + 11)) + 2
-5
Evaluate 4 + 1 - (5 - 1).
1
0 - (-10 + (2 - -1) - -2)
5
Calculate -2 + -1 + 2 + 6 - 2.
3
0 + 3 + (-18 - -15)
0
What is -4 - ((1 - -3) + -37 + 31)?
-2
-1 + 0 + -2 + (3 - 1)
-1
What is 13 + 2 + 3 + -8 + -2?
8
What is the value of 4 + 4 + -1 + -6?
1
What is -3 + -1 + 2 + (-1 - -3)?
0
Evaluate -13 + 21 + 1 + -7 + 2.
4
Calculate -1 + -4 + 8 + -5.
-2
What is (1 + 0 - 2) + 4?
3
Evaluate (-12 - (-18 + 6)) + -4.
-4
What is 14 + (-9 - 4) - (-1 - 2)?
4
What is 1 - ((5 + -5 - 0) + 7)?
-6
What is the value of -46 - -48 - (3 + 0)?
-1
Evaluate 1 - ((0 - (0 - -2)) + 1).
2
What is 0 + (1 - 5) + 6 - -2?
4
What is the value of 1 + 0 - (-3 + -2 + 9)?
-3
What is the value of -3 - (-6 + -2 + 4 - 3)?
4
Calculate -6 + (-1 + -2 - (10 + -16)).
-3
(-3 - (-2 - 1)) + 3
3
-1 - -5 - (4 - 0)
0
What is 3 + -4 + 6 + -2?
3
What is the value of 4 - -2 - (24 + -16)?
-2
Calculate (8 - -1) + 12 + -3 + -13.
5
What is -6 - -10 - (-2 - -3) - 0?
3
What is the value of 13 + -13 - (0 - 3)?
3
What is 